 Is c composite?
False
Let q(w) = -w**3 - 8*w**2 - 11*w + 18. Let m be q(-6). Let u(p) = -23*p**3 + p**2 - 3*p - 4. Let d be u(-3). Suppose -7*v = -m*v + d. Is v a prime number?
True
Let z(k) = 44*k**2 + 4*k + 15. Let f(r) = r**2 - r - 83. Let q be f(10). Is z(q) a prime number?
False
Let z(b) = -33085*b - 10949. Is z(-16) a prime number?
True
Let l = -42 + 39. Let p(i) = 3022*i**2 + 18*i - 1. Is p(l) a prime number?
True
Let k = -112266 - -196852. Is k prime?
False
Suppose -w - 44*g + 43*g = -9507, -4*g = -w + 9527. Is w composite?
False
Suppose 2*y + t = -2*y + 29871, 7464 = y + t. Let u = 13200 + y. Is u a composite number?
True
Let f(v) = 2*v**2 + 28*v - 71. Suppose 3*o - 3*q = 45, 2 = -3*q + 5. Is f(o) a composite number?
True
Let u(y) = -3278*y + 335. Is u(-7) composite?
True
Suppose 87*u - 164888 = 79*u. Is u a prime number?
True
Let g(f) = -24 - 17*f - 23 + 3*f + 12*f. Let l be g(-22). Is (4 + 327*l)*-1 a prime number?
True
Is -1 - -6 - (268794548/(-549) + (-12)/27) a composite number?
False
Let t be 30/(-5) - (-3 - (3 + -2)). Is -2*(14571/(-54) + t/3) composite?
False
Let y be ((-8)/(-14))/((-4)/(-14)). Suppose 4*n + u = -0*u + 11440, -y*u = -n + 2869. Is n a prime number?
True
Suppose 8299 = m - 4*t, 5*t + 8302 = 38*m - 37*m. Is m a prime number?
True
Let m be (-8 - 2)/((-30)/12). Suppose 17 = m*s + 5. Suppose -3*y = s*y - 3462. Is y a prime number?
True
Let g(i) = 101*i + 67. Let o be g(-14). Is ((-5)/(-15)*o)/(1/(-5)) a composite number?
True
Let d = 10317 + 3814. Suppose d = 3*r + 5*s - 10296, -4*r + s + 32600 = 0. Is r a prime number?
False
Let p(k) = 2*k**3 - 8*k**2 + 11*k - 16. Suppose -6*w + 2*w = 3*g + 17, -g - 13 = 5*w. Let q be ((-5)/g)/((-2)/(-6)). Is p(q) prime?
True
Suppose 0 = 5*t - 3*q + 258 + 7, -3*t - 4*q = 188. Let k = -18 - t. Is (-57)/k*(0 + 268/(-6)) a prime number?
True
Let r be (1*-40823)/(-10 + (-4 - -13)). Suppose 6350 = 23*f - r. Is f a prime number?
False
Let j = 732 + -728. Suppose j*a = -2*q + 6556, -4*q - 1630 = -4*a + 4902. Is a composite?
False
Suppose 112*t + 39*t - 376841011 = -117271860. Is t prime?
True
Let w(l) be the first derivative of -51*l**2/2 + 32*l + 169. Suppose -h = -5 + 22. Is w(h) prime?
False
Let i = -61149 + 173770. Is i a composite number?
False
Suppose -89*w + 828953 + 7723382 + 436576 = 0. Is w a prime number?
True
Suppose 5*c + 4*q - 78457 = 0, -c + 3*q = c - 31369. Is c a prime number?
False
Let a(o) = 77*o**3 - 9*o**2 + 104*o - 41. Is a(13) a composite number?
True
Suppose 60747 = 5*f + 3*d, 0 = -2*f + d - 3*d + 24302. Suppose -6*u = -9*u + f. Is u prime?
True
Suppose 4*j - h - 686 = -3*h, j + 2*h - 170 = 0. Suppose 0 = -3*y - 929 - j. Let c = y - -981. Is c composite?
True
Let r(h) = 5*h**3 - 8*h**2 + 7*h + 5. Let k(f) = f**2 - 10*f - 9. Let c(z) = 3*z**2 - 21*z - 18. Let s(u) = -2*c(u) + 5*k(u). Let n be s(-5). Is r(n) composite?
False
Let f(r) = 6062*r**2 + 42*r + 905. Is f(-18) a composite number?
True
Suppose -2*q + 41020 = 3*q. Suppose 0 = 5*y + l - 10260, -y + 1400 = -4*l - 631. Suppose -g + v + y = 2*v, -4*g = 3*v - q. Is g a prime number?
False
Let p(h) = 2*h + 30. Let r be p(-16). Let d(j) = -2580*j + 47. Is d(r) prime?
False
Let k = 104 + -89. Suppose -5 = -5*t + k. Suppose 0 = h - 1 - 2, 0 = -2*d - t*h + 170. Is d composite?
False
Suppose 5578118 = 68*g + 995530. Is g a prime number?
True
Is (179/((-11715)/1465 - -8))/1 a composite number?
True
Suppose 39*p - 317049 - 17844 = 0. Is p a prime number?
False
Let m be (7 - 308 - -2)*(0 - -2). Let a = m + 1011. Is a a composite number?
True
Suppose -61*l + 6050946 = 41*l. Is l prime?
False
Let z be (-1133)/(-55) - (-18)/(-30). Is z/(-105)*-3 - 63789/(-77) composite?
False
Is (-1210126)/(-8) + ((-220)/80 - -2) a composite number?
True
Is (-1)/(-3)*(-12)/36*-79983 prime?
True
Let a(c) = -3*c**3 - 3*c**2 + 6*c + 33. Let y be a(-15). Suppose -4*o = -b - 12512, -3*o = -b - 2*b - y. Is o composite?
True
Is 3/(-63) + 77488232/798 a prime number?
True
Let r be (-1)/((-1)/(8 - 6)). Let v be (-2)/4 - (-9)/2. Suppose n - r*i - 162 = 186, v*n - 1379 = -5*i. Is n prime?
False
Let i(j) = 17*j + 14. Suppose -7*y = -y - 318. Let m = y - 46. Is i(m) prime?
False
Let g be (5*4)/(34/(-289)). Is 4/34 + (-5168490)/g a prime number?
True
Let l be (2850 + 1 + 1)/(6/(-9)). Let m = l + 23521. Is m prime?
False
Suppose -41*i + 366586 = -163995. Is i composite?
False
Let v(y) = 4380*y**2 + 6*y + 61. Is v(3) a prime number?
True
Suppose 4*i - 28 = 20. Suppose 3*c + i*c = 19065. Is c prime?
False
Let c(w) = 212*w**2 + 14*w - 79. Let b be c(4). Suppose 12*m - 2475 = b. Is m a prime number?
True
Suppose -53*h = -177013590 + 60865097. Is h prime?
False
Let u = -1147 + 2036. Is ((-26)/(-7))/(2/u) a prime number?
False
Let p be (-2)/(-9) + 340/90. Suppose -r = l - 0*l - p, 5*l - 2 = 4*r. Is (464 - (l - 5)) + 0 prime?
True
Let f(m) = 81 - 1011*m + 1384*m - 30 + 2204*m + 1040*m. Is f(4) prime?
True
Let t(w) = 747*w**2 + 66*w - 385. Is t(6) a composite number?
False
Let i = 321279 - -354070. Is i a prime number?
False
Suppose 2*r + 5*z = 312999, 4*r + z - 240078 = 385875. Is r composite?
False
Suppose 5 = -3*i - 4*p, -2*i + i + 10 = -p. Suppose -2*z = -3*o - 5764, -i*o = -2*z + 1112 + 4648. Is z prime?
False
Let s be 1 - (2/4 + (-4)/(-8)). Suppose -d + 4334 = 5*t, s = 3*d + 2*t - 527 - 12488. Is d prime?
True
Suppose -3*k - 148*k = -539674. Is k prime?
False
Suppose -2*c + 4*r + 90 = 0, -5*r + 102 = c + 2*c. Suppose 0 = -4*b - c + 95. Suppose -w + b = -127. Is w composite?
True
Let n(i) = -12*i - 238. Let p be n(-20). Is (-5)/p*234062/(-185) composite?
False
Let r = 37 - 41. Let i be r/10 - 12/(-5). Suppose -i*y - 12525 = -5*n, 3*n + 2*y = y + 7504. Is n composite?
False
Let k(t) = 55*t**2 + 13*t - 8. Let w be k(-7). Let h = 1477 + w. Is h composite?
False
Let b(y) = 2*y**3 - 3*y**2 - 11*y + 5. Let o(a) = -1 + 4 + 4*a**2 + a**2 + 22*a - 4*a**3 - 12. Let m(x) = -7*b(x) - 3*o(x). Is m(-5) composite?
False
Let n = 609069 + -81110. Is n composite?
True
Let c(f) = -89*f - 372. Suppose 14*y + 2009 = -27*y. Is c(y) a composite number?
False
Let p(s) = 12*s**2 - 11*s - 14. Suppose 6*k - 4*o - 83 = k, 0 = -k + 2*o + 13. Is p(k) a composite number?
True
Suppose 5*s - 19667 = 5*j + 29653, -2*s = -j - 19729. Is s a composite number?
True
Let w(z) = -z**3 + 14*z**2 + 10*z - 13. Suppose 3*u = 2*p + 3, -2*p = -6*p + u - 11. Let j = 17 + p. Is w(j) a prime number?
True
Let q = -17182 + 40596. Suppose -6*j + 4*j = 3*t - q, 11707 = j - 5*t. Is j a prime number?
False
Let y(l) = 6*l - 10. Let f be y(4). Suppose 13*c = f*c - 2. Suppose 0 = -3*n - 5 + c, 0 = 2*m + 2*n - 1056. Is m a prime number?
False
Suppose 130*o = -5*p + 128*o + 779527, -155927 = -p - 4*o. Is p prime?
False
Let f(i) = 1838*i - 791. Is f(18) a prime number?
False
Let y = 82903 - -78030. Is y a composite number?
False
Is 25/(-525) + 4/12 - 2842701/(-21) prime?
True
Is (-4)/(8/(-60134)) - 170/34 a composite number?
True
Suppose -626362 = 38*d - 1864958 - 3458166. Is d composite?
True
Suppose 0 = -10*q + 25*q - 60. Suppose 0 = 5*h + 9*c - 12*c - 13280, 2*c = q*h - 10622. Is h a composite number?
True
Let z be 13 - 1 - 1*(-2 - -1). Let d(k) = -3*k**3 - 1 - 10 + 17*k**2 + 2 + 2*k**3 + 24*k. Is d(z) a prime number?
False
Let n(s) = 4564*s - 41. Let u(b) = 3043*b - 27. Let g(o) = -o**2 + 19*o - 8. Let a be g(19). Let z(f) = a*u(f) + 5*n(f). Is z(-3) prime?
True
Is 56093 + -1 + (-139 - -128) prime?
True
Let w(f) = -543*f**2 - 3*f + 9. Let t(i) = 542*i**2 + 3*i - 11. Let s(l) = -2*t(l) - 3*w(l). Is s(3) a prime number?
True
Suppose 10*t = 293561 + 275309. Suppose 4*v = t - 6611. Is v a composite number?
False
Let g = 369 + -148. Suppose 2*l - 3507 = -g. Is l prime?
False
Let d(g) = 43*g + 1343. Let a be d(-11). Let z(l) = 2*l**3 + 5*l**2 - 7*l + 1. Let p be z(-5). Let y = a + p. Is y prime?
False
Let y(r) = 187589*r**2 + 10*r. Is y(1) a prime number?
False
Is 618*253 - 42*4/24 a prime number?
True
Let d(x) = 7*x + 5. Let r(b) = -14*b - 9. Let y(l) = -9*d(l) - 4*r(l). Let t be y(-2). Is (18591/15)/(1/t) a prime number?
True
Suppose 19*n - 24*n + 50 = 0. Suppose -3847 = -n*x + 843. Is x prime?
False
Let b be 1/(-13) - 26524476/117. Is (-1)/4 + b/(-20) - 0 prime?
False
Is 2564 + (-12)/60*-25 prime?
False
Let q = -58